{"id":40,"date":"2023-02-05T13:31:26","date_gmt":"2023-02-05T13:31:26","guid":{"rendered":"https:\/\/bymipp.se\/?page_id=40"},"modified":"2023-02-05T13:31:26","modified_gmt":"2023-02-05T13:31:26","slug":"kontakta-oss","status":"publish","type":"page","link":"https:\/\/bymipp.se\/?page_id=40","title":{"rendered":"Kontakta oss"},"content":{"rendered":"\n<p>F\u00f6r alla \u00e4renden, stora som sm\u00e5, skicka mail till info@bymipp.se. Vi svarar inom 48 timmar. Om du inte har f\u00e5tt svar, kolla din sk\u00e4ppost.<\/p>\n","protected":false},"excerpt":{"rendered":"<p>F\u00f6r alla \u00e4renden, stora som sm\u00e5, skicka mail till info@bymipp.se. Vi svarar inom 48 timmar. Om du inte har f\u00e5tt svar, kolla din sk\u00e4ppost.<\/p>\n","protected":false},"author":1,"featured_media":0,"parent":0,"menu_order":0,"comment_status":"closed","ping_status":"closed","template":"","meta":[],"_links":{"self":[{"href":"https:\/\/bymipp.se\/index.php?rest_route=\/wp\/v2\/pages\/40"}],"collection":[{"href":"https:\/\/bymipp.se\/index.php?rest_route=\/wp\/v2\/pages"}],"about":[{"href":"https:\/\/bymipp.se\/index.php?rest_route=\/wp\/v2\/types\/page"}],"author":[{"embeddable":true,"href":"https:\/\/bymipp.se\/index.php?rest_route=\/wp\/v2\/users\/1"}],"replies":[{"embeddable":true,"href":"https:\/\/bymipp.se\/index.php?rest_route=%2Fwp%2Fv2%2Fcomments&post=40"}],"version-history":[{"count":1,"href":"https:\/\/bymipp.se\/index.php?rest_route=\/wp\/v2\/pages\/40\/revisions"}],"predecessor-version":[{"id":41,"href":"https:\/\/bymipp.se\/index.php?rest_route=\/wp\/v2\/pages\/40\/revisions\/41"}],"wp:attachment":[{"href":"https:\/\/bymipp.se\/index.php?rest_route=%2Fwp%2Fv2%2Fmedia&parent=40"}],"curies":[{"name":"wp","href":"https:\/\/api.w.org\/{rel}","templated":true}]}}