{"id":55,"date":"2023-02-19T14:56:54","date_gmt":"2023-02-19T14:56:54","guid":{"rendered":"https:\/\/bymipp.se\/?post_type=product&#038;p=55"},"modified":"2024-09-23T18:42:58","modified_gmt":"2024-09-23T18:42:58","slug":"glada-clownfiskar","status":"publish","type":"product","link":"https:\/\/bymipp.se\/?product=glada-clownfiskar","title":{"rendered":"Glada clownfiskar"},"content":{"rendered":"<p>Trik\u00e5m\u00f6ssa med motiv av glada clownfiskar mot bl\u00e5 botten.<\/p>\n","protected":false},"excerpt":{"rendered":"<p>Trik\u00e5m\u00f6ssa med motiv av glada clownfiskar mot bl\u00e5 botten.<\/p>\n","protected":false},"featured_media":56,"template":"","meta":[],"product_cat":[19],"product_tag":[],"_links":{"self":[{"href":"https:\/\/bymipp.se\/index.php?rest_route=\/wp\/v2\/product\/55"}],"collection":[{"href":"https:\/\/bymipp.se\/index.php?rest_route=\/wp\/v2\/product"}],"about":[{"href":"https:\/\/bymipp.se\/index.php?rest_route=\/wp\/v2\/types\/product"}],"wp:featuredmedia":[{"embeddable":true,"href":"https:\/\/bymipp.se\/index.php?rest_route=\/wp\/v2\/media\/56"}],"wp:attachment":[{"href":"https:\/\/bymipp.se\/index.php?rest_route=%2Fwp%2Fv2%2Fmedia&parent=55"}],"wp:term":[{"taxonomy":"product_cat","embeddable":true,"href":"https:\/\/bymipp.se\/index.php?rest_route=%2Fwp%2Fv2%2Fproduct_cat&post=55"},{"taxonomy":"product_tag","embeddable":true,"href":"https:\/\/bymipp.se\/index.php?rest_route=%2Fwp%2Fv2%2Fproduct_tag&post=55"}],"curies":[{"name":"wp","href":"https:\/\/api.w.org\/{rel}","templated":true}]}}